{"id":160,"date":"2021-05-05T17:36:25","date_gmt":"2021-05-05T15:36:25","guid":{"rendered":"https:\/\/flygmaskincom.wordpress.com\/?page_id=160"},"modified":"2026-02-18T13:57:31","modified_gmt":"2026-02-18T12:57:31","slug":"agenda","status":"publish","type":"page","link":"http:\/\/www.flygmaskin.be\/index.php\/agenda\/","title":{"rendered":"Agenda"},"content":{"rendered":"\n<p><strong>Prochaines dates<\/strong>: <\/p>\n\n\n\n<p>28 f\u00e9vrier 2026 : concert de salon au Broctia \u00e0 Malonne<\/p>\n\n\n\n<p>10 avril 2026 : <a href=\"https:\/\/sysmo.be\/\" target=\"_blank\" rel=\"noreferrer noopener\">Flygmaskin &amp; SYSMO<\/a> \u00e0 la Tricoterie Bruxelles<\/p>\n\n\n\n<p><strong>Dates pass\u00e9es, dans le d\u00e9sordre <\/strong>:<\/p>\n\n\n\n<p>9 Janvier 2026 : <a href=\"https:\/\/www.igloorecords.be\/produit\/flygmaskin-ianchelevici\/\">Flygmaskin plays Ianchelevici<\/a>, feat Aur\u00e9lie Charneux &#8211; Jazz Station &#8211; Bruxelles<\/p>\n\n\n\n<p>7 d\u00e9cembre 25 &#8211; <strong>Flygmaskin &amp; Muriel<\/strong> &#8211; <a rel=\"noreferrer noopener\" href=\"https:\/\/www.theaterarsenaal.be\/nl\/agenda\/waalse-stemmen\" target=\"_blank\">Waalse Stemmen (met Lisette Lomb\u00e9, Caroline Lamarche, Caroline De Mulder, Myriam Leroy, &#8230;) <\/a>&#8211; Theater Arsenaal &#8211; Mechelen<\/p>\n\n\n\n<p>7 octobre 25 <strong>Flygmaskin &amp; Muriel<\/strong> &#8211; <a rel=\"noreferrer noopener\" href=\"https:\/\/www.lamaisondulivre.be\/programme\/fete-de-rentree-2\/\" target=\"_blank\">F\u00eate de rentr\u00e9e de la maison du livre<\/a> &#8211; Saint gilles &#8211; Bruxelles &#8211; <\/p>\n\n\n\n<p>17 avril 25 &#8211; La fonderie &#8211; Bruxelles &#8211; concert au casque &#8211; <strong>Avec Muriel<\/strong><\/p>\n\n\n\n<p>25 mai 25 &#8211; Flygmaskin <strong>(duo) <\/strong>Et l&rsquo;orchestre de chambre de la Nethen &#8211; Tourinnes la Grosse &#8211; <\/p>\n\n\n\n<p>31 mai 25 &#8211; Gache warache &#8211; Chiny &#8211; <strong>Avec Muriel<\/strong><\/p>\n\n\n\n<p>6 juillet 25 &#8211; Festival des Tchafornis &#8211; Engis &#8211; <strong>Avec Muriel<\/strong><\/p>\n\n\n\n<p>7 septembre 24 &#8211; <a href=\"https:\/\/www.facebook.com\/events\/1191342018732030\/?ref=newsfeed&amp;locale=fr_FR\">Fours \u00e0 chaux de l&rsquo;almanach<\/a> &#8211; Tournai &#8211;  <strong>Avec Muriel<\/strong><\/p>\n\n\n\n<p>8 septembre 24 &#8211; <a href=\"https:\/\/ccpac.be\/evenements\/carre-dart\">Carr\u00e9 d&rsquo;art<\/a> &#8211; centre culturel &#8211; Pont \u00e0 Celles &#8211; concert au casque &#8211; <strong>Avec Muriel<\/strong><\/p>\n\n\n\n<p>19 octobre 2024 &#8211; <a href=\"http:\/\/www.espacegarage.be\/files\/EG_brochure2024_web.pdf\" target=\"_blank\" rel=\"noreferrer noopener\">Espace Garage<\/a> &#8211; Ottignies &#8211; <strong>Avec Muriel<\/strong><\/p>\n\n\n\n<p><strong>5 d\u00e9cembre 2024 SORTIE D&rsquo;ALBUM &#8211; IANCHELEVICI- au MILL &#8211; La Louvi\u00e8re<\/strong> &#8211; <\/p>\n\n\n\n<p>12 janvier 2025 &#8211; <a rel=\"noreferrer noopener\" href=\"https:\/\/relaisjazz.be\/\" target=\"_blank\">Relais Jazz<\/a> &#8211; Tourinnes la Grosse &#8211; <strong>Avec Muriel<\/strong><\/p>\n\n\n\n<p>18 janvier 2025 &#8211; <a rel=\"noreferrer noopener\" href=\"https:\/\/www.facebook.com\/glaieulsconcertsintimistes?locale=fr_FR\" target=\"_blank\">Glaieuls paradise<\/a> &#8211; Bruxelles &#8211; <strong>Avec Muriel<\/strong><\/p>\n\n\n\n<p>26 janvier 2025 &#8211; <a href=\"https:\/\/laferme.be\/agenda\/flygmaskin-muriel\">La Ferme du Bi\u00e9reau<\/a> &#8211; Louvain-la-Neuve &#8211; <strong>Avec Muriel<\/strong> &#8211; concert au casque<\/p>\n\n\n\n<p>14 f\u00e9vrier 2025 &#8211; <a href=\"https:\/\/lanvert.be\/vendredi-14-fevrier-2025-flygmaskin-muriel\/\" target=\"_blank\" rel=\"noreferrer noopener\">L&rsquo;an Vert<\/a> &#8211; Li\u00e8ge &#8211; <strong>Avec Muriel<\/strong><\/p>\n\n\n\n<p>29 mars 2025 &#8211; <a rel=\"noreferrer noopener\" href=\"https:\/\/www.ccengis.be\/\" target=\"_blank\">Centre culturel<\/a> &#8211; Engis- <strong>Avec Muriel<\/strong> &#8211; report\u00e9<\/p>\n\n\n\n<p>17 mai 2024 : La nuit des mus\u00e9es, <a rel=\"noreferrer noopener\" href=\"https:\/\/www.lemill.be\/\" target=\"_blank\">Mill, La Louvi\u00e8re<\/a> &#8211; <strong>Avec Muriel<\/strong> &#8211;<\/p>\n\n\n\n<p>19 mai 2024 : concert avec vue &#8211; Thier-\u00e0-Li\u00e8ge &#8211; <strong>Avec Muriel<\/strong> &#8211;<\/p>\n\n\n\n<p>20 mai 2024 : <a rel=\"noreferrer noopener\" href=\"https:\/\/www.ccbw.be\/projet\/kunsten-bos-des-arts\/\" target=\"_blank\">Kunsten bois des arts<\/a> Lembeek &#8211; <strong>Avec Muriel<\/strong> &#8211;<\/p>\n\n\n\n<p>9 janvier 2024 : <a href=\"https:\/\/spott.be\/event\/redonner-la-vie-par-la-sculpture-art-et-reparation\/?fbclid=IwAR29_hx_P5XznYR1WzffWHDhKW5a6TyRgZCxiCVLCk4S5Wq9AgoGqcsJd0I\" target=\"_blank\" rel=\"noreferrer noopener\">SPOTT &#8211; Centre culturel d&rsquo;Ottignies-LLN<\/a><\/p>\n\n\n\n<p>25 janvier 2024 : <a rel=\"noreferrer noopener\" href=\"https:\/\/propulsefestival.be\/\" target=\"_blank\">Festival Propulse &#8211; Bruxelles<\/a> &#8211; <strong>Avec Muriel<\/strong> &#8211;<\/p>\n\n\n\n<p>3 f\u00e9vrier 2024 : <a href=\"https:\/\/www.lasemaineduson.be\/\">Semaine du son &#8211; L&rsquo;Alba &#8211; Charleroi<\/a> &#8211; <strong>Avec Muriel<\/strong> &#8211;<\/p>\n\n\n\n<p>24 mars 2024 : <a href=\"https:\/\/www.maisonculturetournai.com\/\">Maison de la culture &#8211; Tournai<\/a> &#8211; <strong>Avec Muriel<\/strong> &#8211;<\/p>\n\n\n\n<p>10 septembre 2023 : <a href=\"https:\/\/jazzathome.be\/\" target=\"_blank\" rel=\"noreferrer noopener\">Jazz @ Home<\/a> &#8211; Mechelen<\/p>\n\n\n\n<p>16 septembre 2023 : <a href=\"http:\/\/tribalsouk.blogspot.com\">Tribal Souk<\/a> &#8211; Etalle<\/p>\n\n\n\n<p>5 octobre 2023 : <a rel=\"noreferrer noopener\" href=\"http:\/\/www.pianocktail.be\/\" target=\"_blank\">Pianocktail<\/a> &#8211; Bruxelles &#8211; <strong>Avec Muriel<\/strong> &#8211;<\/p>\n\n\n\n<p>10 avril 2023 : <a href=\"https:\/\/explorarium.be\/\">Explorarium<\/a> &#8211; Enghien &#8211; REPORT &#8211;<\/p>\n\n\n\n<p>21 avril 2023  : <a href=\"https:\/\/www.d1cg.org\/evenements\/terrains-vague-1-flygmaskin-muriel\/\" target=\"_blank\" rel=\"noreferrer noopener\">CC KALI<\/a> &#8211; Liege <strong>TRIO<\/strong><\/p>\n\n\n\n<p>3 juin 2023 : <a href=\"http:\/\/www.maisondelacreation.org\/Evenements\/FETE-DE-LA-PLACE-856\">MC NOH<\/a> &#8211; Neder-over-Hembeek<\/p>\n\n\n\n<p>11 juin 2023 : <a href=\"https:\/\/missterre.be\/\" target=\"_blank\" rel=\"noreferrer noopener\">Ferme Miss Terre<\/a> &#8211; Landenne <strong>TRIO<\/strong><\/p>\n\n\n\n<p style=\"font-size:21px\"><strong>17 juin 2023: ALBUM RELEASE (avec Munsch) &#8211; LA TRICOTERIE BRUXELLES<\/strong><\/p>\n\n\n\n<p>24 juin 2023 : <a href=\"https:\/\/www.mcfa.be\/agenda\/flygmaskin\/\">MCFA<\/a> &#8211; Odeigne <strong>TRIO<\/strong><\/p>\n\n\n\n<p>8 et 9 juillet 2023 : <a href=\"https:\/\/www.maisonculturetournai.com\/\">La Semo<\/a> dans le parc d&rsquo;Enghien <strong>TRIO<\/strong><\/p>\n\n\n\n<p>5 aout 2023 17h : <a href=\"https:\/\/theatredeliege.be\/evenement\/place-aux-artistes\/\" target=\"_blank\" rel=\"noreferrer noopener\">Place aux artistes<\/a> &#8211; Parc de la Boverie Liege<\/p>\n\n\n\n<p>2 septembre 2023 : <a href=\"https:\/\/www.maisonculturetournai.com\/\">Maison de la culture<\/a> &#8211; Tournai <strong>TRIO<\/strong><\/p>\n\n\n\n<p>3 aout 2022: <a href=\"https:\/\/www.provincedeliege.be\/fr\/lesestivales\" target=\"_blank\" rel=\"noreferrer noopener\">Mus\u00e9e de la vie Wallon<\/a><a href=\"https:\/\/www.provincedeliege.be\/fr\/lesestivales\">e<\/a> Li\u00e8ge<\/p>\n\n\n\n<p>7 aout 2022: <a rel=\"noreferrer noopener\" href=\"https:\/\/www.alter-schlachthof.be\/veranstaltung\/bistro-session-flygmaskin-yokolele\/\" target=\"_blank\">Bistro Sessions, Alter Schlachthof<\/a>, Eupen<\/p>\n\n\n\n<p>15 aout 2022, <a href=\"https:\/\/www.facebook.com\/events\/446932830640343\/?post_id=450353793631580&amp;acontext=%7B%22source%22%3A%2229%22%2C%22ref_notif_type%22%3A%22admin_plan_mall_activity%22%2C%22action_history%22%3A%22null%22%7D&amp;notif_id=1659877188327987&amp;notif_t=admin_plan_mall_activity&amp;ref=notif\" target=\"_blank\" rel=\"noreferrer noopener\">Zestival 1st edition<\/a>, Genappe<\/p>\n\n\n\n<p>17 aout 2022, <a href=\"https:\/\/www.provincedeliege.be\/fr\/lesestivales\" target=\"_blank\" rel=\"noreferrer noopener\">Mus\u00e9e de la vie wallone<\/a>; Li\u00e8ge<\/p>\n\n\n\n<p>20 aout 2022, <a href=\"https:\/\/www.visitezliege.be\/fr\/offre\/siestes-sonores-flygmaskin-place-aux-artistes\" target=\"_blank\" rel=\"noreferrer noopener\">Place aux artistes<\/a>, parc de la Boverie , Li\u00e8ge<\/p>\n\n\n\n<p>21 aout 2022, <a rel=\"noreferrer noopener\" href=\"https:\/\/www.festivalarthuy.be\/2022\/04\/11\/flygmaskin\/\" target=\"_blank\">Festival d&rsquo;art<\/a>, Huy<\/p>\n\n\n\n<p>3 septembre 2022, <a rel=\"noreferrer noopener\" href=\"https:\/\/explorarium.be\/editions\/\" target=\"_blank\">Explorarium<\/a>, Rixensart<\/p>\n\n\n\n<p>10 septembre 2022, <a href=\"https:\/\/www.ccbw.be\/evenement\/scene-de-villages-a-jodoigne\/\" target=\"_blank\" rel=\"noreferrer noopener\">Sc\u00e8nes de village<\/a>, Jodoigne<\/p>\n\n\n\n<p>25 septembre 2022, <a href=\"https:\/\/www.ledelta.be\/\" data-type=\"URL\" data-id=\"https:\/\/www.ledelta.be\/\" target=\"_blank\" rel=\"noreferrer noopener\">le Delta<\/a>, Namur<\/p>\n\n\n\n<p>30 septembre 2022, <a href=\"https:\/\/www.lelac.info\/\">Le Lac<\/a>, Bruxelles<\/p>\n\n\n\n<p>9 octobre 2022, <a href=\"https:\/\/explorarium.be\/editions\/\" target=\"_blank\" rel=\"noreferrer noopener\">Explorarium<\/a>, Mariemont<\/p>\n\n\n\n<p>23 d\u00e9cembre 2022, <a href=\"http:\/\/www.jazzzolder.be\/\" target=\"_blank\" rel=\"noreferrer noopener\">Jazzzolder<\/a>, Mechelen<\/p>\n\n\n\n<p><\/p>\n\n\n\n<p>18 juin 2022 : <a href=\"https:\/\/www.fetedelamusique.be\/3-province-du-brabant-wallon\/events\/10287-flygmaskin\" target=\"_blank\" rel=\"noreferrer noopener\">F\u00eate de la musique<\/a> La Hulpe 17h<\/p>\n\n\n\n<p>22 juin 2022 : <a rel=\"noreferrer noopener\" href=\"https:\/\/chiroux.be\/evenement\/sieste-sonore\/2022-06-22\/2\/\" target=\"_blank\">Chiroux<\/a> &#8211; Li\u00e8ge<\/p>\n\n\n\n<p>21 mai 2022 : Quatre quarts -Court-St-Etienne<\/p>\n\n\n\n<p>12 novembre 2021: <a href=\"http:\/\/www.lanvert.be\">L&rsquo;an vert<\/a> &#8211; Li\u00e8ge<\/p>\n\n\n\n<p>2 octobre 2021 : B<a rel=\"noreferrer noopener\" href=\"https:\/\/www.ccbw.be\/evenement\/sente-de-beauvechain-balades-artistiques\/\" target=\"_blank\">eauvechain, inauguration de la SENTE<\/a> <\/p>\n\n\n\n<p><strong>22 octobre 2021 : Th\u00e9atre 140 &#8211; Bruxelles &#8211; Premi\u00e8re Esquisse &#8211; <\/strong><a href=\"https:\/\/www.rtbf.be\/lapremiere\/emissions\/detail_le-monde-est-un-village\/accueil\/article_premiere-esquisse-un-double-concert-gratuit-avec-flygmaskin-derive-et-super-ska?id=10841964&amp;programId=262\"><strong>Le monde est un village <\/strong>  <strong>La Premi\u00e8re RTBF<\/strong><\/a><\/p>\n\n\n\n<p>19 juin 2021 : <a href=\"http:\/\/rebecqculture.be\/\" target=\"_blank\" rel=\"noreferrer noopener\">Centre culturel \u2013 <strong>Rebecq<\/strong><\/a><\/p>\n\n\n\n<p>20 juin 2021 : <a rel=\"noreferrer noopener\" href=\"http:\/\/www.centreculturelwanze.be\/festival-eclosions.html\" target=\"_blank\">Centre Culturel \u2013 <strong>Wanze<\/strong><\/a> <\/p>\n\n\n\n<p>26 juin 2021 : <a href=\"https:\/\/www.lepetittheatredelagrandevie.com\/\" target=\"_blank\" rel=\"noreferrer noopener\">Petit Th\u00e9\u00e2tre de la Grande Vie \u2013 <strong>Forz\u00e9e<\/strong><\/a><\/p>\n\n\n\n<p>3 juillet 2021 : <a href=\"https:\/\/www.charleroi-danse.be\/evenement\/charleroidanseauvert-we5\/\" target=\"_blank\" rel=\"noreferrer noopener\">Charleroi Danse au vert \u2013 <strong>Thuin<\/strong><\/a><\/p>\n\n\n\n<p>4 juillet 2021 : <a href=\"http:\/\/www.culturejodoigne.be\/component\/jevents\/detailevenement\/15119\/17\/festival-re-sors-dimanche-4-juillet-jodoigne?Itemid=120\" target=\"_blank\" rel=\"noreferrer noopener\">Centre Culturel de <strong>Jodoigne<\/strong><\/a><\/p>\n\n\n\n<p>10 juillet 2021 : <a href=\"https:\/\/www.centreculturelhautesambre.be\/event\/flygmaskin-sieste-sonore\/\" target=\"_blank\" rel=\"noreferrer noopener\">Centre culturel Haute Sambre \u2013 <strong>Thuin<\/strong><\/a><\/p>\n\n\n\n<p>17 Juillet 2021 : <a href=\"https:\/\/www.olln.be\/fr\/loisirs\/culture\/centre-culturel\/notre-agenda\/place-aux-artistes-flygmaskin\" target=\"_blank\" rel=\"noreferrer noopener\">Bois des R\u00eaves \u2013 <strong>Ottignies<\/strong><\/a><\/p>\n\n\n\n<p>11 Ao\u00fbt 2021 : <a rel=\"noreferrer noopener\" href=\"https:\/\/lecentreculturel.be\/\" target=\"_blank\">Centre culturel \u2013 <strong>Beauvechain<\/strong><\/a><\/p>\n\n\n\n<p>21 aout 2021 : <a href=\"http:\/\/www.lavenerie.be\">La Venerie &#8211; <strong>Watermael-Boitsfort<\/strong><\/a><\/p>\n\n\n\n<p>22 aout 2021 : <a rel=\"noreferrer noopener\" href=\"https:\/\/www.arr\u00eat59.be\/\" target=\"_blank\">Arr\u00eat 59 \u2013 <strong>P\u00e9ruwelz<\/strong><\/a><\/p>\n\n\n\n<p>4 Septembre 2021: <a rel=\"noreferrer noopener\" href=\"http:\/\/centrecultureldenamur.be\/\" target=\"_blank\">Abattoirs de Bomel \u2013 <strong>Namur<\/strong><\/a><\/p>\n\n\n\n<figure class=\"wp-block-gallery columns-3 is-cropped\"><ul class=\"blocks-gallery-grid\"><li class=\"blocks-gallery-item\"><figure><img src=\"https:\/\/flygmaskincom.files.wordpress.com\/2021\/05\/julien-67.jpg?w=1024\" alt=\"\" data-id=\"169\" data-link=\"https:\/\/flygmaskincom.wordpress.com\/julien-67\/\" class=\"wp-image-169\"\/><\/figure><\/li><li class=\"blocks-gallery-item\"><figure><img src=\"https:\/\/flygmaskincom.files.wordpress.com\/2021\/05\/julien-77.jpg?w=1024\" alt=\"\" data-id=\"170\" data-link=\"https:\/\/flygmaskincom.wordpress.com\/julien-77\/\" class=\"wp-image-170\"\/><\/figure><\/li><li class=\"blocks-gallery-item\"><figure><img src=\"https:\/\/flygmaskincom.files.wordpress.com\/2021\/05\/julienfm-1.jpg?w=1024\" alt=\"\" data-id=\"173\" data-link=\"https:\/\/flygmaskincom.wordpress.com\/julienfm-1\/\" class=\"wp-image-173\"\/><\/figure><\/li><li class=\"blocks-gallery-item\"><figure><img src=\"https:\/\/flygmaskincom.files.wordpress.com\/2021\/05\/julienfm-16.jpg?w=1024\" alt=\"\" data-id=\"174\" data-link=\"https:\/\/flygmaskincom.wordpress.com\/julienfm-16\/\" class=\"wp-image-174\"\/><\/figure><\/li><li class=\"blocks-gallery-item\"><figure><img src=\"https:\/\/flygmaskincom.files.wordpress.com\/2021\/05\/julienfm-44.jpg?w=1024\" alt=\"\" data-id=\"175\" data-link=\"https:\/\/flygmaskincom.wordpress.com\/julienfm-44\/\" class=\"wp-image-175\"\/><\/figure><\/li><li class=\"blocks-gallery-item\"><figure><img src=\"https:\/\/flygmaskincom.files.wordpress.com\/2021\/05\/julienfm-46.jpg?w=1024\" alt=\"\" data-id=\"176\" data-link=\"https:\/\/flygmaskincom.wordpress.com\/julienfm-46\/\" class=\"wp-image-176\"\/><\/figure><\/li><li class=\"blocks-gallery-item\"><figure><img src=\"https:\/\/flygmaskincom.files.wordpress.com\/2021\/05\/julienfm-56.jpg?w=1024\" alt=\"\" data-id=\"178\" data-link=\"https:\/\/flygmaskincom.wordpress.com\/julienfm-56\/\" class=\"wp-image-178\"\/><\/figure><\/li><li class=\"blocks-gallery-item\"><figure><img src=\"https:\/\/flygmaskincom.files.wordpress.com\/2021\/05\/julienfm-76.jpg?w=1024\" alt=\"\" data-id=\"180\" data-link=\"https:\/\/flygmaskincom.wordpress.com\/julienfm-76\/\" class=\"wp-image-180\"\/><\/figure><\/li><li class=\"blocks-gallery-item\"><figure><img src=\"https:\/\/flygmaskincom.files.wordpress.com\/2021\/05\/julienfm-83.jpg?w=1024\" alt=\"\" data-id=\"182\" data-link=\"https:\/\/flygmaskincom.wordpress.com\/julienfm-83\/\" class=\"wp-image-182\"\/><\/figure><\/li><li class=\"blocks-gallery-item\"><figure><img src=\"https:\/\/flygmaskincom.files.wordpress.com\/2021\/05\/julienfm-85.jpg?w=1024\" alt=\"\" data-id=\"183\" data-link=\"https:\/\/flygmaskincom.wordpress.com\/julienfm-85\/\" class=\"wp-image-183\"\/><\/figure><\/li><li class=\"blocks-gallery-item\"><figure><img src=\"https:\/\/flygmaskincom.files.wordpress.com\/2021\/05\/julienfm-86.jpg?w=683\" alt=\"\" data-id=\"184\" data-link=\"https:\/\/flygmaskincom.wordpress.com\/julienfm-86\/\" class=\"wp-image-184\"\/><\/figure><\/li><\/ul><\/figure>\n\n\n\n<p>Photos \u00a9 Chiara Pontuali<\/p>\n\n\n\n<div class=\"wp-block-cover alignfull has-foreground-background-color has-background-dim\" style=\"min-height:252px\"><div class=\"wp-block-cover__inner-container\">\n<p class=\"has-text-align-center has-large-font-size\">Booking \/ Contact<\/p>\n\n\n\n<p class=\"has-text-align-center\" style=\"line-height:0\">flygmaskin.music@gmail.com<\/p>\n\n\n\n<p class=\"has-text-align-center\" style=\"line-height:0\">+32 494 37 80 82<\/p>\n\n\n\n<p class=\"has-text-align-center\" style=\"line-height:0\"><a href=\"https:\/\/www.facebook.com\/Flygmaskin-499287503447846\" target=\"_blank\" rel=\"noreferrer noopener\">Facebook<\/a><\/p>\n<\/div><\/div>\n\n\n\n<p><\/p>\n\n\n\n<div class=\"wp-block-cover alignfull has-background-dim has-parallax\" style=\"background-image:url(https:\/\/flygmaskincom.files.wordpress.com\/2021\/05\/flygmaskin-paysage-1.png)\"><div class=\"wp-block-cover__inner-container\">\n<p class=\"has-text-align-center has-large-font-size\"><\/p>\n<\/div><\/div>\n","protected":false},"excerpt":{"rendered":"<p>Prochaines dates: 28 f\u00e9vrier 2026 : concert de salon au Broctia \u00e0 Malonne 10 avril 2026 : Flygmaskin &amp; SYSMO \u00e0 la Tricoterie Bruxelles Dates pass\u00e9es, dans le d\u00e9sordre : 9 Janvier 2026 : Flygmaskin plays Ianchelevici, feat Aur\u00e9lie Charneux &#8211; Jazz Station &#8211; Bruxelles 7 d\u00e9cembre 25 &#8211; Flygmaskin &amp; Muriel &#8211; Waalse Stemmen<a class=\"more-link\" href=\"http:\/\/www.flygmaskin.be\/index.php\/agenda\/\">Lire la suite <span class=\"screen-reader-text\">\u00ab\u00a0Agenda\u00a0\u00bb<\/span><\/a><\/p>\n","protected":false},"author":2,"featured_media":0,"parent":0,"menu_order":0,"comment_status":"closed","ping_status":"closed","template":"","meta":[],"_links":{"self":[{"href":"http:\/\/www.flygmaskin.be\/index.php\/wp-json\/wp\/v2\/pages\/160"}],"collection":[{"href":"http:\/\/www.flygmaskin.be\/index.php\/wp-json\/wp\/v2\/pages"}],"about":[{"href":"http:\/\/www.flygmaskin.be\/index.php\/wp-json\/wp\/v2\/types\/page"}],"author":[{"embeddable":true,"href":"http:\/\/www.flygmaskin.be\/index.php\/wp-json\/wp\/v2\/users\/2"}],"replies":[{"embeddable":true,"href":"http:\/\/www.flygmaskin.be\/index.php\/wp-json\/wp\/v2\/comments?post=160"}],"version-history":[{"count":45,"href":"http:\/\/www.flygmaskin.be\/index.php\/wp-json\/wp\/v2\/pages\/160\/revisions"}],"predecessor-version":[{"id":661,"href":"http:\/\/www.flygmaskin.be\/index.php\/wp-json\/wp\/v2\/pages\/160\/revisions\/661"}],"wp:attachment":[{"href":"http:\/\/www.flygmaskin.be\/index.php\/wp-json\/wp\/v2\/media?parent=160"}],"curies":[{"name":"wp","href":"https:\/\/api.w.org\/{rel}","templated":true}]}}